{"id":68,"date":"2026-03-09T14:25:53","date_gmt":"2026-03-09T14:25:53","guid":{"rendered":"https:\/\/6fffunn.com\/?page_id=68"},"modified":"2026-03-09T15:28:45","modified_gmt":"2026-03-09T15:28:45","slug":"lien-he-6ff","status":"publish","type":"page","link":"https:\/\/6fffunn.com\/index.php\/lien-he-6ff\/","title":{"rendered":"Li\u00ean H\u1ec7 6FF \u2013 H\u01b0\u1edbng D\u1eabn Nh\u1eadn H\u1ed7 Tr\u1ee3 Nhanh Ch\u00f3ng V\u00e0 An To\u00e0n"},"content":{"rendered":"<div id=\"ez-toc-container\" class=\"ez-toc-v2_0_81 counter-hierarchy ez-toc-counter ez-toc-grey ez-toc-container-direction\">\n<div class=\"ez-toc-title-container\">\n<p class=\"ez-toc-title\" style=\"cursor:inherit\">Table of Contents<\/p>\n<span class=\"ez-toc-title-toggle\"><a href=\"#\" class=\"ez-toc-pull-right ez-toc-btn ez-toc-btn-xs ez-toc-btn-default ez-toc-toggle\" aria-label=\"Toggle Table of Content\"><span class=\"ez-toc-js-icon-con\"><span class=\"\"><span class=\"eztoc-hide\" style=\"display:none;\">Toggle<\/span><span class=\"ez-toc-icon-toggle-span\"><svg style=\"fill: #999;color:#999\" xmlns=\"http:\/\/www.w3.org\/2000\/svg\" class=\"list-377408\" width=\"20px\" height=\"20px\" viewBox=\"0 0 24 24\" fill=\"none\"><path d=\"M6 6H4v2h2V6zm14 0H8v2h12V6zM4 11h2v2H4v-2zm16 0H8v2h12v-2zM4 16h2v2H4v-2zm16 0H8v2h12v-2z\" fill=\"currentColor\"><\/path><\/svg><svg style=\"fill: #999;color:#999\" class=\"arrow-unsorted-368013\" xmlns=\"http:\/\/www.w3.org\/2000\/svg\" width=\"10px\" height=\"10px\" viewBox=\"0 0 24 24\" version=\"1.2\" baseProfile=\"tiny\"><path d=\"M18.2 9.3l-6.2-6.3-6.2 6.3c-.2.2-.3.4-.3.7s.1.5.3.7c.2.2.4.3.7.3h11c.3 0 .5-.1.7-.3.2-.2.3-.5.3-.7s-.1-.5-.3-.7zM5.8 14.7l6.2 6.3 6.2-6.3c.2-.2.3-.5.3-.7s-.1-.5-.3-.7c-.2-.2-.4-.3-.7-.3h-11c-.3 0-.5.1-.7.3-.2.2-.3.5-.3.7s.1.5.3.7z\"\/><\/svg><\/span><\/span><\/span><\/a><\/span><\/div>\n<nav><ul class='ez-toc-list ez-toc-list-level-1 ' ><li class='ez-toc-page-1 ez-toc-heading-level-1'><a class=\"ez-toc-link ez-toc-heading-1\" href=\"https:\/\/6fffunn.com\/index.php\/lien-he-6ff\/#Lien_He_6FF_%E2%80%93_Huong_Dan_Nhan_Ho_Tro_Nhanh_Chong_Va_An_Toan\" >Li\u00ean H\u1ec7 6FF \u2013 H\u01b0\u1edbng D\u1eabn Nh\u1eadn H\u1ed7 Tr\u1ee3 Nhanh Ch\u00f3ng V\u00e0 An To\u00e0n<\/a><ul class='ez-toc-list-level-2' ><li class='ez-toc-heading-level-2'><a class=\"ez-toc-link ez-toc-heading-2\" href=\"https:\/\/6fffunn.com\/index.php\/lien-he-6ff\/#Tai_sao_can_lien_he_6FF\" >T\u1ea1i sao c\u1ea7n li\u00ean h\u1ec7 6FF?<\/a><\/li><li class='ez-toc-page-1 ez-toc-heading-level-2'><a class=\"ez-toc-link ez-toc-heading-3\" href=\"https:\/\/6fffunn.com\/index.php\/lien-he-6ff\/#Cac_kenh_ho_tro_chinh_thuc\" >C\u00e1c k\u00eanh h\u1ed7 tr\u1ee3 ch\u00ednh th\u1ee9c<\/a><ul class='ez-toc-list-level-3' ><li class='ez-toc-heading-level-3'><a class=\"ez-toc-link ez-toc-heading-4\" href=\"https:\/\/6fffunn.com\/index.php\/lien-he-6ff\/#Live_chat_%E2%80%93_Giai_dap_ngay_lap_tuc\" >Live chat \u2013 Gi\u1ea3i \u0111\u00e1p ngay l\u1eadp t\u1ee9c<\/a><\/li><li class='ez-toc-page-1 ez-toc-heading-level-3'><a class=\"ez-toc-link ez-toc-heading-5\" href=\"https:\/\/6fffunn.com\/index.php\/lien-he-6ff\/#Email_%E2%80%93_Ho_tro_chi_tiet\" >Email \u2013 H\u1ed7 tr\u1ee3 chi ti\u1ebft<\/a><\/li><li class='ez-toc-page-1 ez-toc-heading-level-3'><a class=\"ez-toc-link ez-toc-heading-6\" href=\"https:\/\/6fffunn.com\/index.php\/lien-he-6ff\/#Hotline_va_mang_xa_hoi_%E2%80%93_Ho_tro_nhanh_khi_can\" >Hotline v\u00e0 m\u1ea1ng x\u00e3 h\u1ed9i \u2013 H\u1ed7 tr\u1ee3 nhanh khi c\u1ea7n<\/a><\/li><\/ul><\/li><li class='ez-toc-page-1 ez-toc-heading-level-2'><a class=\"ez-toc-link ez-toc-heading-7\" href=\"https:\/\/6fffunn.com\/index.php\/lien-he-6ff\/#Huong_dan_chi_tiet_cach_lien_he_6FF\" >H\u01b0\u1edbng d\u1eabn chi ti\u1ebft c\u00e1ch li\u00ean h\u1ec7 6FF<\/a><ul class='ez-toc-list-level-3' ><li class='ez-toc-heading-level-3'><a class=\"ez-toc-link ez-toc-heading-8\" href=\"https:\/\/6fffunn.com\/index.php\/lien-he-6ff\/#Buoc_1_Xac_dinh_van_de_can_ho_tro\" >B\u01b0\u1edbc 1: X\u00e1c \u0111\u1ecbnh v\u1ea5n \u0111\u1ec1 c\u1ea7n h\u1ed7 tr\u1ee3<\/a><\/li><li class='ez-toc-page-1 ez-toc-heading-level-3'><a class=\"ez-toc-link ez-toc-heading-9\" href=\"https:\/\/6fffunn.com\/index.php\/lien-he-6ff\/#Buoc_2_Chon_kenh_lien_he_phu_hop\" >B\u01b0\u1edbc 2: Ch\u1ecdn k\u00eanh li\u00ean h\u1ec7 ph\u00f9 h\u1ee3p<\/a><\/li><li class='ez-toc-page-1 ez-toc-heading-level-3'><a class=\"ez-toc-link ez-toc-heading-10\" href=\"https:\/\/6fffunn.com\/index.php\/lien-he-6ff\/#Buoc_3_Cung_cap_thong_tin_day_du\" >B\u01b0\u1edbc 3: Cung c\u1ea5p th\u00f4ng tin \u0111\u1ea7y \u0111\u1ee7<\/a><\/li><li class='ez-toc-page-1 ez-toc-heading-level-3'><a class=\"ez-toc-link ez-toc-heading-11\" href=\"https:\/\/6fffunn.com\/index.php\/lien-he-6ff\/#Buoc_4_Thuc_hien_theo_huong_dan\" >B\u01b0\u1edbc 4: Th\u1ef1c hi\u1ec7n theo h\u01b0\u1edbng d\u1eabn<\/a><\/li><\/ul><\/li><li class='ez-toc-page-1 ez-toc-heading-level-2'><a class=\"ez-toc-link ez-toc-heading-12\" href=\"https:\/\/6fffunn.com\/index.php\/lien-he-6ff\/#Loi_ich_khi_lien_he_6FF_dung_cach\" >L\u1ee3i \u00edch khi li\u00ean h\u1ec7 6FF \u0111\u00fang c\u00e1ch<\/a><\/li><li class='ez-toc-page-1 ez-toc-heading-level-2'><a class=\"ez-toc-link ez-toc-heading-13\" href=\"https:\/\/6fffunn.com\/index.php\/lien-he-6ff\/#Luu_y_quan_trong_khi_lien_he_6FF\" >L\u01b0u \u00fd quan tr\u1ecdng khi li\u00ean h\u1ec7 6FF<\/a><\/li><li class='ez-toc-page-1 ez-toc-heading-level-2'><a class=\"ez-toc-link ez-toc-heading-14\" href=\"https:\/\/6fffunn.com\/index.php\/lien-he-6ff\/#Nha_cai_6FF_va_chat_luong_dich_vu\" >Nh\u00e0 c\u00e1i 6FF v\u00e0 ch\u1ea5t l\u01b0\u1ee3ng d\u1ecbch v\u1ee5<\/a><\/li><li class='ez-toc-page-1 ez-toc-heading-level-2'><a class=\"ez-toc-link ez-toc-heading-15\" href=\"https:\/\/6fffunn.com\/index.php\/lien-he-6ff\/#Ket_luan\" >K\u1ebft lu\u1eadn<\/a><\/li><\/ul><\/li><\/ul><\/nav><\/div>\n<h1 style=\"text-align: center;\" data-start=\"222\" data-end=\"282\"><span class=\"ez-toc-section\" id=\"Lien_He_6FF_%E2%80%93_Huong_Dan_Nhan_Ho_Tro_Nhanh_Chong_Va_An_Toan\"><\/span>Li\u00ean H\u1ec7 6FF \u2013 H\u01b0\u1edbng D\u1eabn Nh\u1eadn H\u1ed7 Tr\u1ee3 Nhanh Ch\u00f3ng V\u00e0 An To\u00e0n<span class=\"ez-toc-section-end\"><\/span><\/h1>\n<p>Khi tham gia c\u00e1c d\u1ecbch v\u1ee5 gi\u1ea3i tr\u00ed tr\u1ef1c tuy\u1ebfn, ng\u01b0\u1eddi ch\u01a1i \u0111\u00f4i khi g\u1eb7p ph\u1ea3i s\u1ef1 c\u1ed1 v\u1ec1 t\u00e0i kho\u1ea3n, giao d\u1ecbch ho\u1eb7c c\u00e1c thao t\u00e1c tr\u00ean n\u1ec1n t\u1ea3ng. Vi\u1ec7c bi\u1ebft c\u00e1ch <strong><a href=\"https:\/\/6fffunn.com\/index.php\/lien-he-6ff\/\">li\u00ean h\u1ec7 6FF<\/a><\/strong> s\u1ebd gi\u00fap b\u1ea1n nh\u1eadn \u0111\u01b0\u1ee3c h\u1ed7 tr\u1ee3 nhanh ch\u00f3ng, an to\u00e0n v\u00e0 hi\u1ec7u qu\u1ea3. B\u00e0i vi\u1ebft n\u00e0y h\u01b0\u1edbng d\u1eabn chi ti\u1ebft c\u00e1c k\u00eanh li\u00ean h\u1ec7 ch\u00ednh th\u1ee9c, c\u00e1ch th\u1ef1c hi\u1ec7n t\u1eebng b\u01b0\u1edbc, c\u00f9ng nh\u1eefng l\u01b0u \u00fd quan tr\u1ecdng \u0111\u1ec3 ng\u01b0\u1eddi d\u00f9ng gi\u1ea3i quy\u1ebft v\u1ea5n \u0111\u1ec1 k\u1ecbp th\u1eddi v\u00e0 t\u1ed1i \u01b0u tr\u1ea3i nghi\u1ec7m tr\u00ean nh\u00e0 c\u00e1i 6FF.<\/p>\n<h2 data-start=\"451\" data-end=\"478\"><span class=\"ez-toc-section\" id=\"Tai_sao_can_lien_he_6FF\"><\/span>T\u1ea1i sao c\u1ea7n li\u00ean h\u1ec7 6FF?<span class=\"ez-toc-section-end\"><\/span><\/h2>\n<p data-start=\"480\" data-end=\"730\">Vi\u1ec7c s\u1eed d\u1ee5ng c\u00e1c d\u1ecbch v\u1ee5 tr\u1ef1c tuy\u1ebfn \u0111\u00f4i khi ph\u00e1t sinh v\u1ea5n \u0111\u1ec1 v\u1ec1 t\u00e0i kho\u1ea3n, giao d\u1ecbch hay thao t\u00e1c tr\u00ean n\u1ec1n t\u1ea3ng. Bi\u1ebft c\u00e1ch li\u00ean h\u1ec7 6FF gi\u00fap ng\u01b0\u1eddi d\u00f9ng nh\u1eadn h\u1ed7 tr\u1ee3 k\u1ecbp th\u1eddi, gi\u1ea3i quy\u1ebft s\u1ef1 c\u1ed1 nhanh ch\u00f3ng v\u00e0 b\u1ea3o v\u1ec7 tr\u1ea3i nghi\u1ec7m gi\u1ea3i tr\u00ed tr\u1ef1c tuy\u1ebfn.<\/p>\n<p data-start=\"732\" data-end=\"967\">C\u00e1c t\u00ecnh hu\u1ed1ng ph\u1ed5 bi\u1ebfn g\u1ed3m: qu\u00ean m\u1eadt kh\u1ea9u, giao d\u1ecbch kh\u00f4ng th\u00e0nh c\u00f4ng, ho\u1eb7c c\u1ea7n gi\u1ea3i th\u00edch v\u1ec1 c\u00e1c ch\u01b0\u01a1ng tr\u00ecnh khuy\u1ebfn m\u00e3i. Khi n\u1eafm r\u00f5 c\u00e1c k\u00eanh h\u1ed7 tr\u1ee3 ch\u00ednh th\u1ee9c, ng\u01b0\u1eddi d\u00f9ng s\u1ebd nh\u1eadn \u0111\u01b0\u1ee3c tr\u1ee3 gi\u00fap hi\u1ec7u qu\u1ea3 v\u00e0 an to\u00e0n t\u1eeb nh\u00e0 c\u00e1i 6FF.<\/p>\n<h2 data-start=\"974\" data-end=\"1003\"><span class=\"ez-toc-section\" id=\"Cac_kenh_ho_tro_chinh_thuc\"><\/span>C\u00e1c k\u00eanh h\u1ed7 tr\u1ee3 ch\u00ednh th\u1ee9c<span class=\"ez-toc-section-end\"><\/span><\/h2>\n<p data-start=\"1005\" data-end=\"1187\">Ng\u01b0\u1eddi d\u00f9ng c\u00f3 nhi\u1ec1u c\u00e1ch \u0111\u1ec3 li\u00ean h\u1ec7 6FF, t\u1eeb live chat, email cho \u0111\u1ebfn hotline. Vi\u1ec7c l\u1ef1a ch\u1ecdn k\u00eanh ph\u00f9 h\u1ee3p gi\u00fap gi\u1ea3i quy\u1ebft v\u1ea5n \u0111\u1ec1 nhanh ch\u00f3ng v\u00e0 tr\u00e1nh c\u00e1c r\u1ee7i ro kh\u00f4ng mong mu\u1ed1n.<\/p>\n<h3 data-start=\"1189\" data-end=\"1226\"><span class=\"ez-toc-section\" id=\"Live_chat_%E2%80%93_Giai_dap_ngay_lap_tuc\"><\/span>Live chat \u2013 Gi\u1ea3i \u0111\u00e1p ngay l\u1eadp t\u1ee9c<span class=\"ez-toc-section-end\"><\/span><\/h3>\n<p data-start=\"1228\" data-end=\"1385\">Live chat l\u00e0 k\u00eanh ph\u1ed5 bi\u1ebfn nh\u1ea5t \u0111\u1ec3 li\u00ean h\u1ec7 6FF. B\u1ea1n ch\u1ec9 c\u1ea7n nh\u1ea5n v\u00e0o bi\u1ec3u t\u01b0\u1ee3ng chat tr\u00ean trang ch\u1ee7 6FF v\u00e0 b\u1eaft \u0111\u1ea7u tr\u00f2 chuy\u1ec7n v\u1edbi nh\u00e2n vi\u00ean t\u01b0 v\u1ea5n.<\/p>\n<p data-start=\"1387\" data-end=\"1397\">\u01afu \u0111i\u1ec3m:<\/p>\n<ul data-start=\"1399\" data-end=\"1494\">\n<li data-start=\"1399\" data-end=\"1417\">\n<p data-start=\"1401\" data-end=\"1417\">H\u1ed7 tr\u1ee3 t\u1ee9c th\u00ec<\/p>\n<\/li>\n<li data-start=\"1418\" data-end=\"1472\">\n<p data-start=\"1420\" data-end=\"1472\">Gi\u1ea3i quy\u1ebft nhanh c\u00e1c v\u1ea5n \u0111\u1ec1 giao d\u1ecbch v\u00e0 t\u00e0i kho\u1ea3n<\/p>\n<\/li>\n<li data-start=\"1473\" data-end=\"1494\">\n<p data-start=\"1475\" data-end=\"1494\">Kh\u00f4ng c\u1ea7n ch\u1edd l\u00e2u<\/p>\n<\/li>\n<\/ul>\n<p data-start=\"1496\" data-end=\"1634\">Live chat r\u1ea5t ph\u00f9 h\u1ee3p cho nh\u1eefng tr\u01b0\u1eddng h\u1ee3p c\u1ea7n ph\u1ea3n h\u1ed3i ngay l\u1eadp t\u1ee9c, \u0111\u1eb7c bi\u1ec7t khi b\u1ea1n \u0111ang tham gia tr\u00f2 ch\u01a1i tr\u1ef1c tuy\u1ebfn v\u00e0 g\u1eb7p tr\u1ee5c tr\u1eb7c.<\/p>\n<h3 data-start=\"1636\" data-end=\"1663\"><span class=\"ez-toc-section\" id=\"Email_%E2%80%93_Ho_tro_chi_tiet\"><\/span>Email \u2013 H\u1ed7 tr\u1ee3 chi ti\u1ebft<span class=\"ez-toc-section-end\"><\/span><\/h3>\n<p data-start=\"1665\" data-end=\"1816\">\u0110\u1ed1i v\u1edbi nh\u1eefng v\u1ea5n \u0111\u1ec1 c\u1ea7n gi\u1ea3i th\u00edch c\u1ee5 th\u1ec3 ho\u1eb7c g\u1eedi t\u00e0i li\u1ec7u minh h\u1ecda, g\u1eedi email l\u00e0 l\u1ef1a ch\u1ecdn l\u00fd t\u01b0\u1edfng. Khi li\u00ean h\u1ec7 6FF qua email, ng\u01b0\u1eddi d\u00f9ng n\u00ean:<\/p>\n<ul data-start=\"1818\" data-end=\"1953\">\n<li data-start=\"1818\" data-end=\"1844\">\n<p data-start=\"1820\" data-end=\"1844\">N\u00eau r\u00f5 n\u1ed9i dung v\u1ea5n \u0111\u1ec1<\/p>\n<\/li>\n<li data-start=\"1845\" data-end=\"1895\">\n<p data-start=\"1847\" data-end=\"1895\">K\u00e8m th\u00f4ng tin t\u00e0i kho\u1ea3n v\u00e0 giao d\u1ecbch li\u00ean quan<\/p>\n<\/li>\n<li data-start=\"1896\" data-end=\"1953\">\n<p data-start=\"1898\" data-end=\"1953\">G\u1eedi \u0111\u1ebfn \u0111\u1ecba ch\u1ec9 h\u1ed7 tr\u1ee3 ch\u00ednh th\u1ee9c c\u1ee7a nh\u00e0 c\u00e1i 6FF<\/p>\n<\/li>\n<\/ul>\n<p data-start=\"1955\" data-end=\"2038\">\u0110i\u1ec1u n\u00e0y gi\u00fap nh\u00e2n vi\u00ean hi\u1ec3u r\u00f5 t\u00ecnh hu\u1ed1ng v\u00e0 ph\u1ea3n h\u1ed3i ch\u00ednh x\u00e1c trong v\u00f2ng 24 gi\u1edd.<\/p>\n<h3 data-start=\"2040\" data-end=\"2089\"><span class=\"ez-toc-section\" id=\"Hotline_va_mang_xa_hoi_%E2%80%93_Ho_tro_nhanh_khi_can\"><\/span>Hotline v\u00e0 m\u1ea1ng x\u00e3 h\u1ed9i \u2013 H\u1ed7 tr\u1ee3 nhanh khi c\u1ea7n<span class=\"ez-toc-section-end\"><\/span><\/h3>\n<p data-start=\"2091\" data-end=\"2293\">Ngo\u00e0i live chat v\u00e0 email, b\u1ea1n c\u00f3 th\u1ec3 li\u00ean h\u1ec7 6FF qua hotline ho\u1eb7c c\u00e1c k\u00eanh m\u1ea1ng x\u00e3 h\u1ed9i ch\u00ednh th\u1ee9c. \u0110\u00e2y l\u00e0 c\u00e1ch thu\u1eadn ti\u1ec7n cho c\u00e1c tr\u01b0\u1eddng h\u1ee3p kh\u1ea9n c\u1ea5p, khi b\u1ea1n kh\u00f4ng th\u1ec3 truy c\u1eadp trang ch\u1ee7 6FF.<\/p>\n<p data-start=\"2295\" data-end=\"2409\">C\u00e1c k\u00eanh n\u00e0y lu\u00f4n \u0111\u01b0\u1ee3c c\u1eadp nh\u1eadt tr\u00ean website, \u0111\u1ea3m b\u1ea3o ng\u01b0\u1eddi d\u00f9ng k\u1ebft n\u1ed1i v\u1edbi \u0111\u1ed9i ng\u0169 h\u1ed7 tr\u1ee3 ch\u00ednh th\u1ee9c v\u00e0 an to\u00e0n.<\/p>\n<h2 data-start=\"2416\" data-end=\"2454\"><span class=\"ez-toc-section\" id=\"Huong_dan_chi_tiet_cach_lien_he_6FF\"><\/span>H\u01b0\u1edbng d\u1eabn chi ti\u1ebft c\u00e1ch li\u00ean h\u1ec7 6FF<span class=\"ez-toc-section-end\"><\/span><\/h2>\n<p data-start=\"2456\" data-end=\"2645\">\u0110\u1ec3 nh\u1eadn h\u1ed7 tr\u1ee3 hi\u1ec7u qu\u1ea3, ng\u01b0\u1eddi d\u00f9ng n\u00ean th\u1ef1c hi\u1ec7n \u0111\u00fang quy tr\u00ecnh khi li\u00ean h\u1ec7 6FF. Vi\u1ec7c chu\u1ea9n b\u1ecb tr\u01b0\u1edbc c\u00e1c th\u00f4ng tin c\u1ea7n thi\u1ebft v\u00e0 ch\u1ecdn k\u00eanh ph\u00f9 h\u1ee3p s\u1ebd gi\u00fap v\u1ea5n \u0111\u1ec1 \u0111\u01b0\u1ee3c x\u1eed l\u00fd nhanh h\u01a1n.<\/p>\n<h3 data-start=\"2647\" data-end=\"2685\"><span class=\"ez-toc-section\" id=\"Buoc_1_Xac_dinh_van_de_can_ho_tro\"><\/span>B\u01b0\u1edbc 1: X\u00e1c \u0111\u1ecbnh v\u1ea5n \u0111\u1ec1 c\u1ea7n h\u1ed7 tr\u1ee3<span class=\"ez-toc-section-end\"><\/span><\/h3>\n<p data-start=\"2687\" data-end=\"2731\">Tr\u01b0\u1edbc khi li\u00ean h\u1ec7, h\u00e3y x\u00e1c \u0111\u1ecbnh r\u00f5 v\u1ea5n \u0111\u1ec1:<\/p>\n<ul data-start=\"2733\" data-end=\"2804\">\n<li data-start=\"2733\" data-end=\"2754\">\n<p data-start=\"2735\" data-end=\"2754\">T\u00e0i kho\u1ea3n c\u00e1 nh\u00e2n<\/p>\n<\/li>\n<li data-start=\"2755\" data-end=\"2776\">\n<p data-start=\"2757\" data-end=\"2776\">Giao d\u1ecbch n\u1ea1p\/r\u00fat<\/p>\n<\/li>\n<li data-start=\"2777\" data-end=\"2804\">\n<p data-start=\"2779\" data-end=\"2804\">L\u1ed7i k\u1ef9 thu\u1eadt tr\u00ean trang<\/p>\n<\/li>\n<\/ul>\n<p data-start=\"2806\" data-end=\"2896\">Vi\u1ec7c x\u00e1c \u0111\u1ecbnh ch\u00ednh x\u00e1c s\u1ebd gi\u00fap nh\u00e2n vi\u00ean h\u1ed7 tr\u1ee3 \u0111\u01b0a ra gi\u1ea3i ph\u00e1p nhanh ch\u00f3ng v\u00e0 hi\u1ec7u qu\u1ea3.<\/p>\n<h3 data-start=\"2898\" data-end=\"2935\"><span class=\"ez-toc-section\" id=\"Buoc_2_Chon_kenh_lien_he_phu_hop\"><\/span>B\u01b0\u1edbc 2: Ch\u1ecdn k\u00eanh li\u00ean h\u1ec7 ph\u00f9 h\u1ee3p<span class=\"ez-toc-section-end\"><\/span><\/h3>\n<p data-start=\"2937\" data-end=\"2994\">D\u1ef1a tr\u00ean t\u00ednh ch\u1ea5t c\u1ee7a v\u1ea5n \u0111\u1ec1, ch\u1ecdn m\u1ed9t trong c\u00e1c k\u00eanh:<\/p>\n<ul data-start=\"2996\" data-end=\"3110\">\n<li data-start=\"2996\" data-end=\"3028\">\n<p data-start=\"2998\" data-end=\"3028\">Live chat cho v\u1ea5n \u0111\u1ec1 t\u1ee9c th\u00ec<\/p>\n<\/li>\n<li data-start=\"3029\" data-end=\"3058\">\n<p data-start=\"3031\" data-end=\"3058\">Email cho v\u1ea5n \u0111\u1ec1 chi ti\u1ebft<\/p>\n<\/li>\n<li data-start=\"3059\" data-end=\"3110\">\n<p data-start=\"3061\" data-end=\"3110\">Hotline\/m\u1ea1ng x\u00e3 h\u1ed9i cho c\u00e1c t\u00ecnh hu\u1ed1ng kh\u1ea9n c\u1ea5p<\/p>\n<\/li>\n<\/ul>\n<p data-start=\"3112\" data-end=\"3199\">S\u1eed d\u1ee5ng k\u00eanh ph\u00f9 h\u1ee3p gi\u00fap b\u1ea1n nh\u1eadn \u0111\u01b0\u1ee3c ph\u1ea3n h\u1ed3i nhanh v\u00e0 ch\u00ednh x\u00e1c t\u1eeb nh\u00e0 c\u00e1i 6FF.<\/p>\n<h3 data-start=\"3201\" data-end=\"3238\"><span class=\"ez-toc-section\" id=\"Buoc_3_Cung_cap_thong_tin_day_du\"><\/span>B\u01b0\u1edbc 3: Cung c\u1ea5p th\u00f4ng tin \u0111\u1ea7y \u0111\u1ee7<span class=\"ez-toc-section-end\"><\/span><\/h3>\n<p data-start=\"3240\" data-end=\"3276\">Khi li\u00ean h\u1ec7 6FF h\u00e3y cung c\u1ea5p:<\/p>\n<ul data-start=\"3278\" data-end=\"3354\">\n<li data-start=\"3278\" data-end=\"3295\">\n<p data-start=\"3280\" data-end=\"3295\">T\u00ean t\u00e0i kho\u1ea3n<\/p>\n<\/li>\n<li data-start=\"3296\" data-end=\"3328\">\n<p data-start=\"3298\" data-end=\"3328\">Th\u00f4ng tin giao d\u1ecbch (n\u1ebfu c\u00f3)<\/p>\n<\/li>\n<li data-start=\"3329\" data-end=\"3354\">\n<p data-start=\"3331\" data-end=\"3354\">M\u00f4 t\u1ea3 chi ti\u1ebft v\u1ea5n \u0111\u1ec1<\/p>\n<\/li>\n<\/ul>\n<p data-start=\"3356\" data-end=\"3433\">Th\u00f4ng tin \u0111\u1ea7y \u0111\u1ee7 gi\u00fap nh\u00e2n vi\u00ean x\u1eed l\u00fd nhanh, h\u1ea1n ch\u1ebf vi\u1ec7c trao \u0111\u1ed5i nhi\u1ec1u l\u1ea7n.<\/p>\n<h3 data-start=\"3435\" data-end=\"3471\"><span class=\"ez-toc-section\" id=\"Buoc_4_Thuc_hien_theo_huong_dan\"><\/span>B\u01b0\u1edbc 4: Th\u1ef1c hi\u1ec7n theo h\u01b0\u1edbng d\u1eabn<span class=\"ez-toc-section-end\"><\/span><\/h3>\n<p data-start=\"3473\" data-end=\"3624\">Sau khi nh\u1eadn ph\u1ea3n h\u1ed3i, h\u00e3y th\u1ef1c hi\u1ec7n \u0111\u00fang c\u00e1c b\u01b0\u1edbc m\u00e0 nh\u00e2n vi\u00ean h\u01b0\u1edbng d\u1eabn. \u0110i\u1ec1u n\u00e0y \u0111\u1ea3m b\u1ea3o v\u1ea5n \u0111\u1ec1 \u0111\u01b0\u1ee3c gi\u1ea3i quy\u1ebft tri\u1ec7t \u0111\u1ec3 v\u00e0 tr\u00e1nh ph\u00e1t sinh l\u1ed7i m\u1edbi.<\/p>\n<h2 data-start=\"3631\" data-end=\"3667\"><span class=\"ez-toc-section\" id=\"Loi_ich_khi_lien_he_6FF_dung_cach\"><\/span>L\u1ee3i \u00edch khi li\u00ean h\u1ec7 6FF \u0111\u00fang c\u00e1ch<span class=\"ez-toc-section-end\"><\/span><\/h2>\n<p data-start=\"3669\" data-end=\"3807\">Bi\u1ebft c\u00e1ch li\u00ean h\u1ec7 6FF s\u1ebd gi\u00fap ng\u01b0\u1eddi d\u00f9ng t\u1eadn d\u1ee5ng t\u1ed1i \u0111a c\u00e1c d\u1ecbch v\u1ee5 c\u1ee7a n\u1ec1n t\u1ea3ng, nh\u1eadn h\u1ed7 tr\u1ee3 k\u1ecbp th\u1eddi v\u00e0 b\u1ea3o v\u1ec7 th\u00f4ng tin c\u00e1 nh\u00e2n.<\/p>\n<ul data-start=\"3809\" data-end=\"4067\">\n<li data-start=\"3809\" data-end=\"3868\">\n<p data-start=\"3811\" data-end=\"3868\">Nhanh ch\u00f3ng: Gi\u1ea3i quy\u1ebft v\u1ea5n \u0111\u1ec1 trong th\u1eddi gian ng\u1eafn<\/p>\n<\/li>\n<li data-start=\"3869\" data-end=\"3962\">\n<p data-start=\"3871\" data-end=\"3962\">An to\u00e0n: H\u1ea1n ch\u1ebf r\u1ee7i ro l\u1eeba \u0111\u1ea3o b\u1eb1ng c\u00e1ch d\u00f9ng k\u00eanh ch\u00ednh th\u1ee9c tr\u00ean trang ch\u1ee7 6FF<\/p>\n<\/li>\n<li data-start=\"3963\" data-end=\"4067\">\n<p data-start=\"3965\" data-end=\"4067\">Tr\u1ea3i nghi\u1ec7m t\u1ed1t h\u01a1n: H\u1ed7 tr\u1ee3 \u0111\u00fang c\u00e1ch gi\u00fap ng\u01b0\u1eddi d\u00f9ng an t\u00e2m khi tham gia c\u00e1c d\u1ecbch v\u1ee5 tr\u1ef1c tuy\u1ebfn<\/p>\n<\/li>\n<\/ul>\n<h2 data-start=\"4074\" data-end=\"4109\"><span class=\"ez-toc-section\" id=\"Luu_y_quan_trong_khi_lien_he_6FF\"><\/span>L\u01b0u \u00fd quan tr\u1ecdng khi li\u00ean h\u1ec7 6FF<span class=\"ez-toc-section-end\"><\/span><\/h2>\n<p data-start=\"4111\" data-end=\"4148\">\u0110\u1ec3 nh\u1eadn h\u1ed7 tr\u1ee3 hi\u1ec7u qu\u1ea3 v\u00e0 an to\u00e0n:<\/p>\n<ul data-start=\"4150\" data-end=\"4359\">\n<li data-start=\"4150\" data-end=\"4208\">\n<p data-start=\"4152\" data-end=\"4208\">Ch\u1ec9 s\u1eed d\u1ee5ng c\u00e1c k\u00eanh ch\u00ednh th\u1ee9c tr\u00ean trang ch\u1ee7 6FF<\/p>\n<\/li>\n<li data-start=\"4209\" data-end=\"4259\">\n<p data-start=\"4211\" data-end=\"4259\">Kh\u00f4ng chia s\u1ebb m\u1eadt kh\u1ea9u ho\u1eb7c th\u00f4ng tin nh\u1ea1y c\u1ea3m<\/p>\n<\/li>\n<li data-start=\"4260\" data-end=\"4311\">\n<p data-start=\"4262\" data-end=\"4311\">Ghi nh\u1edb th\u00f4ng tin giao d\u1ecbch \u0111\u1ec3 cung c\u1ea5p khi c\u1ea7n<\/p>\n<\/li>\n<li data-start=\"4312\" data-end=\"4359\">\n<p data-start=\"4314\" data-end=\"4359\">Ki\u1ec3m tra k\u1ef9 h\u01b0\u1edbng d\u1eabn sau khi nh\u1eadn ph\u1ea3n h\u1ed3i<\/p>\n<\/li>\n<\/ul>\n<p data-start=\"4361\" data-end=\"4433\">Tu\u00e2n th\u1ee7 c\u00e1c l\u01b0u \u00fd tr\u00ean s\u1ebd gi\u00fap b\u1ea1n li\u00ean h\u1ec7 6FF hi\u1ec7u qu\u1ea3 v\u00e0 an to\u00e0n.<\/p>\n<h2 data-start=\"4440\" data-end=\"4476\"><span class=\"ez-toc-section\" id=\"Nha_cai_6FF_va_chat_luong_dich_vu\"><\/span>Nh\u00e0 c\u00e1i 6FF v\u00e0 ch\u1ea5t l\u01b0\u1ee3ng d\u1ecbch v\u1ee5<span class=\"ez-toc-section-end\"><\/span><\/h2>\n<p data-start=\"4478\" data-end=\"4682\">Nh\u00e0 c\u00e1i 6FF lu\u00f4n ch\u00fa tr\u1ecdng ph\u00e1t tri\u1ec3n \u0111\u1ed9i ng\u0169 h\u1ed7 tr\u1ee3 chuy\u00ean nghi\u1ec7p, t\u1eadn t\u00e2m v\u00e0 nhanh ch\u00f3ng. M\u1ed7i nh\u00e2n vi\u00ean \u0111\u1ec1u \u0111\u01b0\u1ee3c \u0111\u00e0o t\u1ea1o \u0111\u1ec3 x\u1eed l\u00fd c\u00e1c v\u1ea5n \u0111\u1ec1 li\u00ean quan \u0111\u1ebfn t\u00e0i kho\u1ea3n, giao d\u1ecbch, k\u1ef9 thu\u1eadt v\u00e0 \u01b0u \u0111\u00e3i.<\/p>\n<p data-start=\"4684\" data-end=\"4847\">Nh\u1edd \u0111\u00f3, ng\u01b0\u1eddi d\u00f9ng c\u00f3 th\u1ec3 y\u00ean t\u00e2m khi li\u00ean h\u1ec7 6FF, bi\u1ebft r\u1eb1ng m\u1ecdi th\u1eafc m\u1eafc s\u1ebd \u0111\u01b0\u1ee3c gi\u1ea3i quy\u1ebft k\u1ecbp th\u1eddi, b\u1ea3o \u0111\u1ea3m tr\u1ea3i nghi\u1ec7m gi\u1ea3i tr\u00ed tr\u1ef1c tuy\u1ebfn kh\u00f4ng gi\u00e1n \u0111o\u1ea1n.<\/p>\n<h2 data-start=\"4854\" data-end=\"4865\"><span class=\"ez-toc-section\" id=\"Ket_luan\"><\/span>K\u1ebft lu\u1eadn<span class=\"ez-toc-section-end\"><\/span><\/h2>\n<p data-start=\"4867\" data-end=\"5106\">Vi\u1ec7c bi\u1ebft c\u00e1ch li\u00ean h\u1ec7 6FF l\u00e0 ch\u00eca kh\u00f3a gi\u00fap ng\u01b0\u1eddi d\u00f9ng gi\u1ea3i quy\u1ebft m\u1ecdi v\u1ea5n \u0111\u1ec1 nhanh ch\u00f3ng v\u00e0 an to\u00e0n tr\u00ean n\u1ec1n t\u1ea3ng. Khi l\u00e0m theo c\u00e1c b\u01b0\u1edbc h\u01b0\u1edbng d\u1eabn, b\u1ea1n s\u1ebd nh\u1eadn \u0111\u01b0\u1ee3c h\u1ed7 tr\u1ee3 ch\u00ednh x\u00e1c, b\u1ea3o v\u1ec7 t\u00e0i kho\u1ea3n v\u00e0 tr\u1ea3i nghi\u1ec7m d\u1ecbch v\u1ee5 tr\u1ecdn v\u1eb9n.<\/p>\n<p data-start=\"5108\" data-end=\"5327\">\u0110\u1ec3 b\u1ea3o v\u1ec7 quy\u1ec1n l\u1ee3i c\u1ee7a m\u00ecnh, ng\u01b0\u1eddi d\u00f9ng n\u00ean th\u01b0\u1eddng xuy\u00ean truy c\u1eadp <a href=\"https:\/\/6fffunn.com\/\"><strong data-start=\"176\" data-end=\"193\">trang ch\u1ee7 6FF<\/strong><\/a> v\u00e0 s\u1eed d\u1ee5ng c\u00e1c k\u00eanh h\u1ed7 tr\u1ee3 ch\u00ednh th\u1ee9c. Thao t\u00e1c n\u00e0y gi\u00fap b\u1ea1n gi\u1ea3i quy\u1ebft m\u1ecdi v\u1ea5n \u0111\u1ec1 nhanh ch\u00f3ng, \u0111\u1ed3ng th\u1eddi t\u1eadn h\u01b0\u1edfng tr\u1ea3i nghi\u1ec7m tr\u1ef1c tuy\u1ebfn m\u1ed9t c\u00e1ch an to\u00e0n, thu\u1eadn ti\u1ec7n v\u00e0 hi\u1ec7u qu\u1ea3.<\/p>\n","protected":false},"excerpt":{"rendered":"<p>Li\u00ean H\u1ec7 6FF \u2013 H\u01b0\u1edbng D\u1eabn Nh\u1eadn H\u1ed7 Tr\u1ee3 Nhanh Ch\u00f3ng V\u00e0 An To\u00e0n Khi tham gia c\u00e1c d\u1ecbch v\u1ee5 gi\u1ea3i tr\u00ed tr\u1ef1c tuy\u1ebfn, ng\u01b0\u1eddi ch\u01a1i \u0111\u00f4i khi g\u1eb7p ph\u1ea3i s\u1ef1 c\u1ed1 v\u1ec1 t\u00e0i kho\u1ea3n, giao d\u1ecbch ho\u1eb7c c\u00e1c thao t\u00e1c tr\u00ean n\u1ec1n t\u1ea3ng. Vi\u1ec7c bi\u1ebft c\u00e1ch li\u00ean h\u1ec7 6FF s\u1ebd gi\u00fap b\u1ea1n nh\u1eadn \u0111\u01b0\u1ee3c [&#8230;]\n","protected":false},"author":1,"featured_media":0,"parent":0,"menu_order":0,"comment_status":"closed","ping_status":"closed","template":"","meta":{"footnotes":""},"class_list":["post-68","page","type-page","status-publish","hentry"],"_links":{"self":[{"href":"https:\/\/6fffunn.com\/index.php\/wp-json\/wp\/v2\/pages\/68","targetHints":{"allow":["GET"]}}],"collection":[{"href":"https:\/\/6fffunn.com\/index.php\/wp-json\/wp\/v2\/pages"}],"about":[{"href":"https:\/\/6fffunn.com\/index.php\/wp-json\/wp\/v2\/types\/page"}],"author":[{"embeddable":true,"href":"https:\/\/6fffunn.com\/index.php\/wp-json\/wp\/v2\/users\/1"}],"replies":[{"embeddable":true,"href":"https:\/\/6fffunn.com\/index.php\/wp-json\/wp\/v2\/comments?post=68"}],"version-history":[{"count":4,"href":"https:\/\/6fffunn.com\/index.php\/wp-json\/wp\/v2\/pages\/68\/revisions"}],"predecessor-version":[{"id":83,"href":"https:\/\/6fffunn.com\/index.php\/wp-json\/wp\/v2\/pages\/68\/revisions\/83"}],"wp:attachment":[{"href":"https:\/\/6fffunn.com\/index.php\/wp-json\/wp\/v2\/media?parent=68"}],"curies":[{"name":"wp","href":"https:\/\/api.w.org\/{rel}","templated":true}]}}